{"id":130,"date":"2019-10-02T18:45:09","date_gmt":"2019-10-02T16:45:09","guid":{"rendered":"http:\/\/localhost\/wordpress\/?page_id=130"},"modified":"2020-03-31T20:18:32","modified_gmt":"2020-03-31T18:18:32","slug":"speziallinsen","status":"publish","type":"page","link":"https:\/\/brillen-naber.de\/?page_id=130","title":{"rendered":"Speziallinsen"},"content":{"rendered":"<p>Auch Augen mit Auff\u00e4lligkeiten wie dem Keratokonus k\u00f6nnen wir mit speziellen Linsen ob vor oder nach eventuellen Eingriffen bestm\u00f6gliches Sehen gew\u00e4hrleisten.<\/p>\n","protected":false},"excerpt":{"rendered":"<p>Auch Augen mit Auff\u00e4lligkeiten wie dem Keratokonus k\u00f6nnen wir mit speziellen Linsen ob vor oder nach eventuellen Eingriffen bestm\u00f6gliches Sehen gew\u00e4hrleisten.<\/p>\n","protected":false},"author":2,"featured_media":451,"parent":0,"menu_order":0,"comment_status":"closed","ping_status":"closed","template":"","meta":{"footnotes":""},"class_list":["post-130","page","type-page","status-publish","has-post-thumbnail","hentry"],"_links":{"self":[{"href":"https:\/\/brillen-naber.de\/index.php?rest_route=\/wp\/v2\/pages\/130","targetHints":{"allow":["GET"]}}],"collection":[{"href":"https:\/\/brillen-naber.de\/index.php?rest_route=\/wp\/v2\/pages"}],"about":[{"href":"https:\/\/brillen-naber.de\/index.php?rest_route=\/wp\/v2\/types\/page"}],"author":[{"embeddable":true,"href":"https:\/\/brillen-naber.de\/index.php?rest_route=\/wp\/v2\/users\/2"}],"replies":[{"embeddable":true,"href":"https:\/\/brillen-naber.de\/index.php?rest_route=%2Fwp%2Fv2%2Fcomments&post=130"}],"version-history":[{"count":1,"href":"https:\/\/brillen-naber.de\/index.php?rest_route=\/wp\/v2\/pages\/130\/revisions"}],"predecessor-version":[{"id":131,"href":"https:\/\/brillen-naber.de\/index.php?rest_route=\/wp\/v2\/pages\/130\/revisions\/131"}],"wp:featuredmedia":[{"embeddable":true,"href":"https:\/\/brillen-naber.de\/index.php?rest_route=\/wp\/v2\/media\/451"}],"wp:attachment":[{"href":"https:\/\/brillen-naber.de\/index.php?rest_route=%2Fwp%2Fv2%2Fmedia&parent=130"}],"curies":[{"name":"wp","href":"https:\/\/api.w.org\/{rel}","templated":true}]}}