{"id":116,"date":"2019-10-02T18:41:52","date_gmt":"2019-10-02T16:41:52","guid":{"rendered":"http:\/\/localhost\/wordpress\/?page_id=116"},"modified":"2020-03-31T20:18:17","modified_gmt":"2020-03-31T18:18:17","slug":"sonnenglaeser","status":"publish","type":"page","link":"https:\/\/brillen-naber.de\/?page_id=116","title":{"rendered":"Sonnengl\u00e4ser"},"content":{"rendered":"<p>Sowohl im Einst\u00e4rken- als auch im Mehrst\u00e4rkenbereich k\u00f6nnen wir Ihnen eine gro\u00dfe Auswahl an Sonnenbrillengl\u00e4sern mit und ohne Sehst\u00e4rke in verschiedensten Farbt\u00f6nen anbieten. Ob komplett oder verlaufend get\u00f6nt bieten Ihnen alle unsere Sonnengl\u00e4ser einem 100 prozentigen UV-Schutz, ein modisches Auftreten und eine hohe \u00c4sthetik.<\/p>\n","protected":false},"excerpt":{"rendered":"<p>Sowohl im Einst\u00e4rken- als auch im Mehrst\u00e4rkenbereich k\u00f6nnen wir Ihnen eine gro\u00dfe Auswahl an Sonnenbrillengl\u00e4sern mit und ohne Sehst\u00e4rke in verschiedensten Farbt\u00f6nen anbieten. Ob komplett oder verlaufend get\u00f6nt bieten Ihnen alle unsere Sonnengl\u00e4ser einem 100 prozentigen UV-Schutz, ein modisches Auftreten und eine hohe \u00c4sthetik.<\/p>\n","protected":false},"author":2,"featured_media":451,"parent":0,"menu_order":0,"comment_status":"closed","ping_status":"closed","template":"","meta":{"footnotes":""},"class_list":["post-116","page","type-page","status-publish","has-post-thumbnail","hentry"],"_links":{"self":[{"href":"https:\/\/brillen-naber.de\/index.php?rest_route=\/wp\/v2\/pages\/116","targetHints":{"allow":["GET"]}}],"collection":[{"href":"https:\/\/brillen-naber.de\/index.php?rest_route=\/wp\/v2\/pages"}],"about":[{"href":"https:\/\/brillen-naber.de\/index.php?rest_route=\/wp\/v2\/types\/page"}],"author":[{"embeddable":true,"href":"https:\/\/brillen-naber.de\/index.php?rest_route=\/wp\/v2\/users\/2"}],"replies":[{"embeddable":true,"href":"https:\/\/brillen-naber.de\/index.php?rest_route=%2Fwp%2Fv2%2Fcomments&post=116"}],"version-history":[{"count":1,"href":"https:\/\/brillen-naber.de\/index.php?rest_route=\/wp\/v2\/pages\/116\/revisions"}],"predecessor-version":[{"id":117,"href":"https:\/\/brillen-naber.de\/index.php?rest_route=\/wp\/v2\/pages\/116\/revisions\/117"}],"wp:featuredmedia":[{"embeddable":true,"href":"https:\/\/brillen-naber.de\/index.php?rest_route=\/wp\/v2\/media\/451"}],"wp:attachment":[{"href":"https:\/\/brillen-naber.de\/index.php?rest_route=%2Fwp%2Fv2%2Fmedia&parent=116"}],"curies":[{"name":"wp","href":"https:\/\/api.w.org\/{rel}","templated":true}]}}