{"id":114,"date":"2019-10-02T18:41:28","date_gmt":"2019-10-02T16:41:28","guid":{"rendered":"http:\/\/localhost\/wordpress\/?page_id=114"},"modified":"2020-03-31T20:14:21","modified_gmt":"2020-03-31T18:14:21","slug":"arbeitsplatzgleitsichtbrillen","status":"publish","type":"page","link":"https:\/\/brillen-naber.de\/?page_id=114","title":{"rendered":"Arbeitsplatzgleitsichtbrillen"},"content":{"rendered":"<p>F\u00fcr unsere Kunden, die haupts\u00e4chlich am Arbeitsplatz auf ihre Brillen zur\u00fcckgreifen, empfehlen wir ein auf Ihren Arbeitsplatz speziell zugeschnittenes Office-Gleitsichtglas.<br \/>\nSo k\u00f6nnen wir Ihnen bestm\u00f6glichen Komfort in Lese- aber auch PC-Entfernungen bieten, um das Arbeiten so energiesparend und angenehm wie m\u00f6glich zu machen.<br \/>\nWenden Sie sich vertrauensvoll an unsere Mitarbeiter, die Sie gern beraten.<\/p>\n","protected":false},"excerpt":{"rendered":"<p>F\u00fcr unsere Kunden, die haupts\u00e4chlich am Arbeitsplatz auf ihre Brillen zur\u00fcckgreifen, empfehlen wir ein auf Ihren Arbeitsplatz speziell zugeschnittenes Office-Gleitsichtglas. So k\u00f6nnen wir Ihnen bestm\u00f6glichen Komfort in Lese- aber auch PC-Entfernungen bieten, um das Arbeiten so energiesparend und angenehm wie m\u00f6glich zu machen. Wenden Sie sich vertrauensvoll an unsere Mitarbeiter, [&hellip;]<\/p>\n","protected":false},"author":2,"featured_media":451,"parent":0,"menu_order":0,"comment_status":"closed","ping_status":"closed","template":"","meta":{"footnotes":""},"class_list":["post-114","page","type-page","status-publish","has-post-thumbnail","hentry"],"_links":{"self":[{"href":"https:\/\/brillen-naber.de\/index.php?rest_route=\/wp\/v2\/pages\/114","targetHints":{"allow":["GET"]}}],"collection":[{"href":"https:\/\/brillen-naber.de\/index.php?rest_route=\/wp\/v2\/pages"}],"about":[{"href":"https:\/\/brillen-naber.de\/index.php?rest_route=\/wp\/v2\/types\/page"}],"author":[{"embeddable":true,"href":"https:\/\/brillen-naber.de\/index.php?rest_route=\/wp\/v2\/users\/2"}],"replies":[{"embeddable":true,"href":"https:\/\/brillen-naber.de\/index.php?rest_route=%2Fwp%2Fv2%2Fcomments&post=114"}],"version-history":[{"count":1,"href":"https:\/\/brillen-naber.de\/index.php?rest_route=\/wp\/v2\/pages\/114\/revisions"}],"predecessor-version":[{"id":115,"href":"https:\/\/brillen-naber.de\/index.php?rest_route=\/wp\/v2\/pages\/114\/revisions\/115"}],"wp:featuredmedia":[{"embeddable":true,"href":"https:\/\/brillen-naber.de\/index.php?rest_route=\/wp\/v2\/media\/451"}],"wp:attachment":[{"href":"https:\/\/brillen-naber.de\/index.php?rest_route=%2Fwp%2Fv2%2Fmedia&parent=114"}],"curies":[{"name":"wp","href":"https:\/\/api.w.org\/{rel}","templated":true}]}}