{"id":112,"date":"2019-10-02T18:40:59","date_gmt":"2019-10-02T16:40:59","guid":{"rendered":"http:\/\/localhost\/wordpress\/?page_id=112"},"modified":"2020-03-31T20:17:45","modified_gmt":"2020-03-31T18:17:45","slug":"mehrstaerken-gleitsichtglaeser","status":"publish","type":"page","link":"https:\/\/brillen-naber.de\/?page_id=112","title":{"rendered":"Mehrst\u00e4rken-\/Gleitsichtgl\u00e4ser"},"content":{"rendered":"<p>Gleitsichtgl\u00e4ser erfordern hohe Qualit\u00e4t. Mit modernsten Messmethoden und unserer technisch bestens ausger\u00fcsteten Werkstatt bieten wir Ihne eine h\u00f6chst pr\u00e4zise Ausmessung und Einarbeitung der Gl\u00e4ser, um auch bei hohen Anforderungen an Gleitsichtgl\u00e4ser wie zum Beispiel Computerarbeiten einen bestm\u00f6glichen Sehkomfort zu bieten. Da sich das Tragen einer Gleitsichtbrille den ganzen Tag \u00fcber empfiehlt, ist eine hochwertige Veredelung der Gl\u00e4ser Voraussetzung, um auch nachts bestm\u00f6glichen Kontrast bieten zu k\u00f6nnen.<\/p>\n","protected":false},"excerpt":{"rendered":"<p>Gleitsichtgl\u00e4ser erfordern hohe Qualit\u00e4t. Mit modernsten Messmethoden und unserer technisch bestens ausger\u00fcsteten Werkstatt bieten wir Ihne eine h\u00f6chst pr\u00e4zise Ausmessung und Einarbeitung der Gl\u00e4ser, um auch bei hohen Anforderungen an Gleitsichtgl\u00e4ser wie zum Beispiel Computerarbeiten einen bestm\u00f6glichen Sehkomfort zu bieten. Da sich das Tragen einer Gleitsichtbrille den ganzen Tag \u00fcber [&hellip;]<\/p>\n","protected":false},"author":2,"featured_media":451,"parent":0,"menu_order":0,"comment_status":"closed","ping_status":"closed","template":"","meta":{"footnotes":""},"class_list":["post-112","page","type-page","status-publish","has-post-thumbnail","hentry"],"_links":{"self":[{"href":"https:\/\/brillen-naber.de\/index.php?rest_route=\/wp\/v2\/pages\/112","targetHints":{"allow":["GET"]}}],"collection":[{"href":"https:\/\/brillen-naber.de\/index.php?rest_route=\/wp\/v2\/pages"}],"about":[{"href":"https:\/\/brillen-naber.de\/index.php?rest_route=\/wp\/v2\/types\/page"}],"author":[{"embeddable":true,"href":"https:\/\/brillen-naber.de\/index.php?rest_route=\/wp\/v2\/users\/2"}],"replies":[{"embeddable":true,"href":"https:\/\/brillen-naber.de\/index.php?rest_route=%2Fwp%2Fv2%2Fcomments&post=112"}],"version-history":[{"count":1,"href":"https:\/\/brillen-naber.de\/index.php?rest_route=\/wp\/v2\/pages\/112\/revisions"}],"predecessor-version":[{"id":113,"href":"https:\/\/brillen-naber.de\/index.php?rest_route=\/wp\/v2\/pages\/112\/revisions\/113"}],"wp:featuredmedia":[{"embeddable":true,"href":"https:\/\/brillen-naber.de\/index.php?rest_route=\/wp\/v2\/media\/451"}],"wp:attachment":[{"href":"https:\/\/brillen-naber.de\/index.php?rest_route=%2Fwp%2Fv2%2Fmedia&parent=112"}],"curies":[{"name":"wp","href":"https:\/\/api.w.org\/{rel}","templated":true}]}}