{"id":105,"date":"2019-10-02T18:37:57","date_gmt":"2019-10-02T16:37:57","guid":{"rendered":"http:\/\/localhost\/wordpress\/?page_id=105"},"modified":"2020-03-31T20:15:05","modified_gmt":"2020-03-31T18:15:05","slug":"brillenfassungen","status":"publish","type":"page","link":"https:\/\/brillen-naber.de\/?page_id=105","title":{"rendered":"Brillenfassungen"},"content":{"rendered":"<p>Unser Sortiment ist breit gef\u00e4chert und umfasst viele verschiedene Markenhersteller, um Sie und Ihre individuellen Vorstellungen bestm\u00f6glichst mit Klassikern aber auch modernen Designergestellen versorgen zu k\u00f6nnen.<br \/>\nDieses gilt sowohl f\u00fcr das Korrektions- als auch das Sonnenbrillensortiment.<\/p>\n","protected":false},"excerpt":{"rendered":"<p>Unser Sortiment ist breit gef\u00e4chert und umfasst viele verschiedene Markenhersteller, um Sie und Ihre individuellen Vorstellungen bestm\u00f6glichst mit Klassikern aber auch modernen Designergestellen versorgen zu k\u00f6nnen. Dieses gilt sowohl f\u00fcr das Korrektions- als auch das Sonnenbrillensortiment.<\/p>\n","protected":false},"author":2,"featured_media":451,"parent":0,"menu_order":0,"comment_status":"closed","ping_status":"closed","template":"","meta":{"footnotes":""},"class_list":["post-105","page","type-page","status-publish","has-post-thumbnail","hentry"],"_links":{"self":[{"href":"https:\/\/brillen-naber.de\/index.php?rest_route=\/wp\/v2\/pages\/105","targetHints":{"allow":["GET"]}}],"collection":[{"href":"https:\/\/brillen-naber.de\/index.php?rest_route=\/wp\/v2\/pages"}],"about":[{"href":"https:\/\/brillen-naber.de\/index.php?rest_route=\/wp\/v2\/types\/page"}],"author":[{"embeddable":true,"href":"https:\/\/brillen-naber.de\/index.php?rest_route=\/wp\/v2\/users\/2"}],"replies":[{"embeddable":true,"href":"https:\/\/brillen-naber.de\/index.php?rest_route=%2Fwp%2Fv2%2Fcomments&post=105"}],"version-history":[{"count":1,"href":"https:\/\/brillen-naber.de\/index.php?rest_route=\/wp\/v2\/pages\/105\/revisions"}],"predecessor-version":[{"id":106,"href":"https:\/\/brillen-naber.de\/index.php?rest_route=\/wp\/v2\/pages\/105\/revisions\/106"}],"wp:featuredmedia":[{"embeddable":true,"href":"https:\/\/brillen-naber.de\/index.php?rest_route=\/wp\/v2\/media\/451"}],"wp:attachment":[{"href":"https:\/\/brillen-naber.de\/index.php?rest_route=%2Fwp%2Fv2%2Fmedia&parent=105"}],"curies":[{"name":"wp","href":"https:\/\/api.w.org\/{rel}","templated":true}]}}